{"id":6623,"date":"2017-09-18T19:48:15","date_gmt":"2017-09-18T18:48:15","guid":{"rendered":"http:\/\/www.maou.ch\/?post_type=product&#038;p=6623"},"modified":"2023-01-23T16:23:01","modified_gmt":"2023-01-23T15:23:01","slug":"la-buche-2","status":"publish","type":"product","link":"https:\/\/www.maou.ch\/fr\/produit\/la-buche-2\/","title":{"rendered":"La b\u00fbche #2"},"content":{"rendered":"<div id=\"fb-root\"><\/div>\n<div class=\"entry-content\">\n<div class=\"entry-content\">\n<div class=\"entry-content\">\n<div class=\"entry-content\">\n<p>La B\u00fbche #1. Fanzine, 2016.<\/p>\n[blank_spacer height=&#8221;30px&#8221; width=&#8221;1\/1&#8243; el_position=&#8221;first last&#8221;]\n<p>Avec: ACHE, Ainhoa Cayuso, Aminata, Alexandra Bogucka, Irene Schoch, Dora Formica, Maurane Mazars, Jo\u00eblle Isoz, Lori Raven, L\u00e9andre Ackermann, Mirjana Farkas, Albertine, Vamille, Sarah Najjar, Anne-Marie Pappas, Malizia Moulin et Popy Matigot.<\/p>\n[blank_spacer height=&#8221;30px&#8221; width=&#8221;1\/1&#8243; el_position=&#8221;first last&#8221;]\n<p>A5, noir et blanc, 76 pages.<\/p>\n[blank_spacer height=&#8221;30px&#8221; width=&#8221;1\/1&#8243; el_position=&#8221;first last&#8221;]\n<p>Langue: fran\u00e7ais.<\/p>\n[blank_spacer height=&#8221;30px&#8221; width=&#8221;1\/1&#8243; el_position=&#8221;first last&#8221;]\n<p>L'int\u00e9gralit\u00e9 de l'ouvrage peut \u00eatre consult\u00e9 ici: <a href=\"https:\/\/la-buche.ch\/portfolio\/la-buche-2\">cliquez ici<\/a>.<\/p>\n<\/div>\n<\/div>\n<\/div>\n<\/div>","protected":false},"excerpt":{"rendered":"<div class=\"entry-content\">\n<div class=\"entry-content\">\n<div class=\"entry-content\">\n<div class=\"entry-content\">\n<div class=\"entry-content\">\n<div class=\"entry-content\">\n<div class=\"entry-content\">\n<div class=\"entry-content\">\n<p>La B\u00fbche #1. Fanzine, 2016.<\/p>\n<p>[blank_spacer height=&#8221;30px&#8221; width=&#8221;1\/1&#8243; el_position=&#8221;first last&#8221;]<\/p>\n<p>Avec: ACHE, Ainhoa Cayuso, Aminata, Alexandra Bogucka, Irene Schoch, Dora Formica, Maurane Mazars, Jo\u00eblle Isoz, Lori Raven, L\u00e9andre Ackermann, Mirjana Farkas, Albertine, Vamille, Sarah Najjar, Anne-Marie Pappas, Malizia Moulin et Popy Matigot.<\/p>\n<p>[blank_spacer height=&#8221;30px&#8221; width=&#8221;1\/1&#8243; el_position=&#8221;first last&#8221;]<\/p>\n<p>A5, noir et blanc, 76 pages.<\/p>\n<p>[blank_spacer height=&#8221;30px&#8221; width=&#8221;1\/1&#8243; el_position=&#8221;first last&#8221;]<\/p>\n<p>Langue: fran\u00e7ais.<\/p>\n<p>[blank_spacer height=&#8221;30px&#8221; width=&#8221;1\/1&#8243; el_position=&#8221;first last&#8221;]<\/p>\n<p>L'int\u00e9gralit\u00e9 de l'ouvrage peut \u00eatre consult\u00e9 ici: <a href=\"https:\/\/la-buche.ch\/portfolio\/la-buche-2\">cliquez ici<\/a>.<\/p>\n<\/div>\n<\/div>\n<\/div>\n<\/div>\n<\/div>\n<\/div>\n<\/div>\n<\/div>","protected":false},"featured_media":6624,"comment_status":"closed","ping_status":"closed","template":"","meta":{"_links_to":"","_links_to_target":""},"product_brand":[],"product_cat":[27,84],"product_tag":[],"class_list":{"0":"post-6623","1":"product","2":"type-product","3":"status-publish","4":"has-post-thumbnail","6":"product_cat-bd","7":"product_cat-la-buche","8":"product_shipping_class-small","10":"first","11":"outofstock","12":"taxable","13":"shipping-taxable","14":"purchasable","15":"product-type-simple"},"_links":{"self":[{"href":"https:\/\/www.maou.ch\/fr\/wp-json\/wp\/v2\/product\/6623","targetHints":{"allow":["GET"]}}],"collection":[{"href":"https:\/\/www.maou.ch\/fr\/wp-json\/wp\/v2\/product"}],"about":[{"href":"https:\/\/www.maou.ch\/fr\/wp-json\/wp\/v2\/types\/product"}],"replies":[{"embeddable":true,"href":"https:\/\/www.maou.ch\/fr\/wp-json\/wp\/v2\/comments?post=6623"}],"wp:featuredmedia":[{"embeddable":true,"href":"https:\/\/www.maou.ch\/fr\/wp-json\/wp\/v2\/media\/6624"}],"wp:attachment":[{"href":"https:\/\/www.maou.ch\/fr\/wp-json\/wp\/v2\/media?parent=6623"}],"wp:term":[{"taxonomy":"product_brand","embeddable":true,"href":"https:\/\/www.maou.ch\/fr\/wp-json\/wp\/v2\/product_brand?post=6623"},{"taxonomy":"product_cat","embeddable":true,"href":"https:\/\/www.maou.ch\/fr\/wp-json\/wp\/v2\/product_cat?post=6623"},{"taxonomy":"product_tag","embeddable":true,"href":"https:\/\/www.maou.ch\/fr\/wp-json\/wp\/v2\/product_tag?post=6623"}],"curies":[{"name":"wp","href":"https:\/\/api.w.org\/{rel}","templated":true}]}}

La bûche #2

<div id="fb-root"></div>
<div class="entry-content">
<div class="entry-content">
<div class="entry-content">
<div class="entry-content">
<p>La Bûche #1. Fanzine, 2016.</p>
[blank_spacer height=&#8221;30px&#8221; width=&#8221;1/1&#8243; el_position=&#8221;first last&#8221;]
<p>Avec: ACHE, Ainhoa Cayuso, Aminata, Alexandra Bogucka, Irene Schoch, Dora Formica, Maurane Mazars, Joëlle Isoz, Lori Raven, Léandre Ackermann, Mirjana Farkas, Albertine, Vamille, Sarah Najjar, Anne-Marie Pappas, Malizia Moulin et Popy Matigot.</p>
[blank_spacer height=&#8221;30px&#8221; width=&#8221;1/1&#8243; el_position=&#8221;first last&#8221;]
<p>A5, noir et blanc, 76 pages.</p>
[blank_spacer height=&#8221;30px&#8221; width=&#8221;1/1&#8243; el_position=&#8221;first last&#8221;]
<p>Langue: français.</p>
[blank_spacer height=&#8221;30px&#8221; width=&#8221;1/1&#8243; el_position=&#8221;first last&#8221;]
<p>L'intégralité de l'ouvrage peut être consulté ici: <a href="https://la-buche.ch/portfolio/la-buche-2">cliquez ici</a>.</p>
</div>
</div>
</div>
</div>

<div class="entry-content">
<div class="entry-content">
<div class="entry-content">
<div class="entry-content">
<div class="entry-content">
<div class="entry-content">
<div class="entry-content">
<div class="entry-content">
<p>La Bûche #1. Fanzine, 2016.</p>
<p>[blank_spacer height=&#8221;30px&#8221; width=&#8221;1/1&#8243; el_position=&#8221;first last&#8221;]</p>
<p>Avec: ACHE, Ainhoa Cayuso, Aminata, Alexandra Bogucka, Irene Schoch, Dora Formica, Maurane Mazars, Joëlle Isoz, Lori Raven, Léandre Ackermann, Mirjana Farkas, Albertine, Vamille, Sarah Najjar, Anne-Marie Pappas, Malizia Moulin et Popy Matigot.</p>
<p>[blank_spacer height=&#8221;30px&#8221; width=&#8221;1/1&#8243; el_position=&#8221;first last&#8221;]</p>
<p>A5, noir et blanc, 76 pages.</p>
<p>[blank_spacer height=&#8221;30px&#8221; width=&#8221;1/1&#8243; el_position=&#8221;first last&#8221;]</p>
<p>Langue: français.</p>
<p>[blank_spacer height=&#8221;30px&#8221; width=&#8221;1/1&#8243; el_position=&#8221;first last&#8221;]</p>
<p>L'intégralité de l'ouvrage peut être consulté ici: <a href="https://la-buche.ch/portfolio/la-buche-2">cliquez ici</a>.</p>
</div>
</div>
</div>
</div>
</div>
</div>
</div>
</div>
